7 - j. What is the units digit of p?
3
What is the hundreds digit of 6/8 - 28710/(-120)?
2
Let j(m) = -m**3 + 7*m**2 + 4*m - 5. Let l be j(4). Suppose -13 = -3*r + l. What is the tens digit of r?
2
Suppose -2*u = 0, 0 = -9*t + 12*t - 4*u - 492. What is the hundreds digit of t?
1
Let v = 0 + -64. Let n = v + 67. What is the units digit of n?
3
Let b = -4 + 250. What is the tens digit of b?
4
Let k(q) = 612*q - 68. What is the units digit of k(2)?
6
Suppose w - 3*i - 9 = 0, -i - 21 = -3*w + 2*i. Let d be w*(2 - (-44)/(-24)). What is the units digit of d/(3/69*1)?
3
Suppose -2*y + 0*y + 38 = 0. Let q = y + -7. Let i = q - -13. What is the tens digit of i?
2
Suppose 62*y - 462 = 51*y. What is the tens digit of y?
4
Let t = 11 + -12. Let z = 13 + t. Suppose -2*l + z = -0*l. What is the units digit of l?
6
Suppose 0*a - 5*a + 604 = -4*r, 2*a = -5*r - 722. What is the units digit of 3/(-6)*r*1?
3
Let o(r) = 2 - 4 + 3*r - 5. Let t be o(5). Let l = 24 - t. What is the units digit of l?
6
Suppose -23*v - 968 = -27*v. What is the units digit of v?
2
Let w be (314 + 2)*(-3)/(-6). Let l = -85 + w. What is the tens digit of l?
7
Let d(c) = -318*c + 753. What is the tens digit of d(-12)?
6
Suppose -5 - 15 = -10*p. Let d(a) = 47*a**2 + 2*a + 1. What is the tens digit of d(p)?
9
Suppose -7*k = -6942 - 13477. What is the units digit of k?
7
Let b = 653 + -322. What is the tens digit of b?
3
Let k(m) = -m**2 - 7*m - 15. Let z(n) = -7*n**2 - n + 2. Let j be z(1). Let f be k(j). What is the tens digit of (-3 - -45)*(-3)/f?
1
Suppose -3*l - 93314 = -77*l. What is the thousands digit of l?
1
Suppose 12*k = 8*k + 4224. Let u = k + -719. What is the tens digit of u?
3
What is the tens digit of 13/(-2) + 45/30 - -101?
9
Let u(f) = -5*f**3 - f**2 + 1. Let m be u(-1). Suppose 1 = -h - 4*c, -63 + 12 = -4*h - m*c. What is the tens digit of h?
1
Let t = -10 - -15. Suppose 67 = t*q - 83. What is the tens digit of q?
3
Suppose -6*b + 1954 + 866 = 0. What is the hundreds digit of b?
4
Let t = 7 + -9. Let i(x) be the second derivative of -3*x**5/20 + x**2 - 6*x. What is the tens digit of i(t)?
2
Let f(l) = 15*l**3 - l**2 + 2*l - 1. Let q be ((-10)/(-15))/(8/12). What is the units digit of f(q)?
5
Let w(c) = c**3 + 11*c**2 + 4*c - 3. Suppose -10 = z - 2*i, -3*z = 2*i - 15 + 45. What is the units digit of w(z)?
7
Suppose -5 - 3 = 4*k, -2*s + 4*k = -16. Let j(i) = -i**3 + 14*i**2 - 7*i + 6. What is the hundreds digit of j(s)?
1
Let o = 1619 - 98. What is the units digit of o?
1
Let k be (157*1/(-5))/(1/(-5)). Let d = k - 142. What is the units digit of d?
5
Let d = -2104 + 4002. What is the thousands digit of d?
1
Let o = 20 - 17. What is the tens digit of (-4)/(-10) - ((-1392)/20 + o)?
6
Suppose 5*b - 14 = 6. Suppose -b*d + 6 = -2. Suppose -10 - 8 = -d*t. What is the units digit of t?
9
Let a(i) = i**2 + 3*i + 44. Let z be a(-10). Let t = -82 + z. What is the tens digit of t?
3
Let t(s) = s**3 - 7*s**2 + s - 2. Let g be (-18)/(-27) + 4/3. Suppose 5*w = g*w + 21. What is the units digit of t(w)?
5
Suppose -7*t + 36 = 8. Suppose -4*p = -t - 8. Suppose 0 = -4*v - i - 21 + 88, p*v - 2*i - 53 = 0. What is the tens digit of v?
1
Let p be 9/(-24) + (-57)/(-24). Suppose 320 = p*y + 3*y. What is the units digit of y?
4
Let z(o) = -27*o - 12. Let d(t) = -9*t - 4. Let m(x) = -7*d(x) + 2*z(x). What is the units digit of m(8)?
6
What is the tens digit of (-9)/(-60)*4*3385?
3
Let i(w) = -w**2 + 5*w - 3. Let c be i(2). Suppose -c*n + 12 = -7*n. What is the tens digit of 2/1 + 13 + n?
1
Suppose j - 68 = 5*o, 3*j = -2*j - o + 262. Suppose c - 48 = -j. What is the tens digit of (-3)/c + 162/5?
3
Suppose 0 = -13*i + 35132 + 29010. What is the thousands digit of i?
4
Let q(g) be the second derivative of -g**5/20 + g**4/12 - g**2/2 - 6*g. Let x(s) = 2*s**3. Let d(b) = -2*q(b) - 3*x(b). What is the units digit of d(-2)?
6
Suppose -10*i + 3*v = -6*i - 580, 145 = i + 5*v. What is the units digit of i?
5
Let m = -437 - -1442. What is the thousands digit of m?
1
Let m = -347 - -68. Let u be m/6*2/(-3). Let n = 50 - u. What is the units digit of n?
9
Let a be 10*(30/25 + 4). Let y(u) = 35*u - 1. Let l be y(-1). Let k = a + l. What is the units digit of k?
6
Let o(w) = 15*w - 43. What is the units digit of o(14)?
7
Let y = -31 + 75. Suppose -5*u - y = -2*w + 102, u + 16 = -4*w. What is the tens digit of 24/42 - 1608/u?
5
Suppose 0 = -k + 4*x - 26, 2*k - 5*x = k - 31. Let v be (-4)/k + 300/(-18). What is the units digit of (-189)/18*v/6?
8
Let d(b) be the third derivative of b**4/12 - 7*b**3/6 - 2*b**2. Suppose -47*h = -51*h + 40. What is the units digit of d(h)?
3
Suppose 2*c + 2*w = w - 28, 3*w - 51 = 3*c. Let k(m) = -m**2 - 15*m + 1. What is the units digit of k(c)?
1
Suppose n + 176 = 577. What is the units digit of n?
1
Let b be (5 + -4)*1/((-2)/(-8)). Suppose 0 = 3*l + 2*a - 172 - 115, b*a = 4*l - 416. What is the units digit of l?
9
What is the hundreds digit of (((-4)/3)/(-2))/(6/8622)?
9
Suppose 0 = -5*g - 10, -7*g + 3*g = 4*q - 672. What is the hundreds digit of q?
1
Let r = -1302 + 854. Let t = -123 - r. What is the tens digit of t?
2
Let i = -25 - -40. What is the units digit of 10/i - ((-226)/(-3))/(-1)?
6
Let b be 2/(-1 - 10/(-8)). Let g = -150 - -151. What is the units digit of (2 + g)*(-5 + b)?
9
Suppose 2*h = 3*o - 442, -2*h + 6*h - 166 = -o. What is the hundreds digit of o?
1
What is the tens digit of (-2)/(-17) - (-4)/(136/7782)?
2
Suppose 8 = 2*v - 0*v. Suppose -52 = -5*f - v*n, 0*n - 2*n - 26 = -4*f. What is the units digit of f?
8
Let s(z) = -z**3 - 9*z**2 + 11*z + 38. What is the units digit of s(-11)?
9
Suppose -42 = -7*n + 854. Let i = -91 + n. What is the units digit of i?
7
Let h be 0 + (0 - -2 - -2). Let q(t) = 9*t**2 - 4*t + 7. What is the units digit of q(h)?
5
Let p be 1 + (-5)/((-10)/76). Let m = -968 - -1696. What is the units digit of 4/(-6) + m/p?
8
Let f(a) = -2*a**2 - 15*a - 2 + 3*a**2 + 4*a. Suppose h + 11 = -5*p, -p + 1 - 6 = 0. What is the tens digit of f(h)?
4
Suppose -1 = 2*j - 3*s, -3*j = 2*j - s - 17. Suppose -2*a = j*a - 372. What is the units digit of a?
2
What is the thousands digit of 2444 + 40/(-30)*-6?
2
What is the units digit of 756/(-49)*189/(-3)?
2
What is the hundreds digit of 44/((119/(-42))/(-17))?
2
Let f(z) = -z**3 + 4*z**2 + 7*z - 8. Let o be f(6). Let h = -27 - o. What is the tens digit of (h/(-1))/((-7)/28)?
4
Let j(q) = 1713*q - 101. What is the hundreds digit of j(1)?
6
Suppose 6*h = 13*h - 1099. Suppose -3*v + 465 = 3*c, 0 = 3*c - 4*c - 3*v + h. What is the hundreds digit of c?
1
Let w be 35/28*2/5*10. Let d be 40/6*(-33)/(-2). Suppose 4*j - d = j + 2*h, 4*h + 182 = w*j. What is the units digit of j?
8
Let u be 16/88 - (-64)/11. What is the units digit of 20/4 + u/3?
7
What is the hundreds digit of 2/(-8) + 1 + (-7903)/(-28)?
2
Suppose 2*j - j - 1 = 0. Let h(a) = -109*a**2 - 109*a**2 + 1 + 0 + 218*a**2 + 71*a**3. What is the units digit of h(j)?
2
Let v(w) = w**3 - 4*w**2 + 5*w - 4. Let j be v(3). Suppose -13 = -3*a - 5*o, 2*o = -2*a + 4 - j. What is the tens digit of 5 - -36 - a/(-1)?
3
Let f = -547 + 1435. What is the tens digit of f?
8
Let u(w) = -97*w - 61. What is the units digit of u(-5)?
4
Let f be (-15)/(-9) + (-2)/(-6). Suppose 4*u = f*u - 2*p + 662, u - 355 = 5*p. What is the tens digit of u?
3
Let k(x) = -x**3 - 8*x**2 + 6*x - 13. Let p be k(-9). Suppose 0 = -3*y + 2*y + p. What is the units digit of y?
4
What is the tens digit of (1 - -11)/(14/(9744/9))?
2
Let s(a) be the first derivative of a**3 + 4*a**2 - 4*a + 4. Let f(l) be the first derivative of s(l). What is the units digit of f(4)?
2
Suppose -4*a - 4*j + 20 = 0, 2*j + 2*j - 16 = -2*a. Suppose -2*n = 3*u + 2*u - 21, a*n + 6 = 4*u. What is the units digit of u?
3
Suppose 0 = -2*p - 1 - 9. Let z(k) = -15*k - 28. What is the tens digit of z(p)?
4
Let u(g) = 9*g - 4. Let q(p) = -p**2 - 28*p + 11. Let n(b) = 2*q(b) + 7*u(b). Let l be n(4). What is the tens digit of (102/(-15))/(2/l)?
3
Let s(u) = -38 - 8*u + 48 + 3*u**2 - 2*u**2. What is the units digit of s(14)?
4
Let p = 1 - -4. Suppose -p*a - 9 = 4*x, -5*x + 0*x + 35 = -3*a. Suppose 5*c = -5*g + 120, 0 = 5*c - x*g - 75 - 0. What is the units digit of c?
9
Suppose 0 = -4*d - 96 + 1144. What is the tens digit of d?
6
Let r(x